- (-1 - x)) is divided by (-21)/(-9) - -2 - 22/(-33).
4
Calculate the remainder when ((241 - -3)*1)/2 is divided by 35.
17
Suppose 0 = 3*z + 1011 + 24. Let l = -234 - z. Calculate the remainder when l is divided by 23.
19
Suppose -7*s + 3*s - 3*h + 24 = 0, 0 = 5*s - 4*h - 30. Suppose -k + 0 = -23. What is the remainder when k is divided by s?
5
Suppose 3*j = -5*b + 30, -j + 4 = 3*b - 2*j. Suppose -b*o + 2*d - 3 = 0, -5*d = -0*o - 3*o - 12. What is the remainder when -21*(13/(-7) + o) is divided by 5?
3
Let g(w) = 6*w**2 + 2*w. Let r be g(3). Let s = r - 43. What is the remainder when 84 is divided by s?
16
Suppose -5*b - 4 = 2*j, 4*j + 8 = -5*b + b. Let o(w) = -9*w**3 - w**2 - 4*w - 3. Let r(t) = -7*t + 4. What is the remainder when o(j) is divided by r(-3)?
23
Let g = 6 - -5. Let p = 7 - -57. Let h = -43 + p. Calculate the remainder when h is divided by g.
10
Let y = -388 - -402. What is the remainder when y is divided by 8?
6
Let d(v) = -5*v + 1. Let n be d(-1). Suppose -8*a + 36 = -n*a. Calculate the remainder when 53 is divided by a.
17
Let d be (5 + -5)/((-4)/(-1)). Suppose 9*a - 10*a + 23 = d. What is the remainder when 66*1 - (-1)/1 is divided by a?
21
Let y = -40 + 6. Let s = 67 + y. Suppose 2*f = -s + 125. What is the remainder when f is divided by 12?
10
Let l be (2/2)/(2/4). Suppose 0*j + 83 = 3*f - l*j, f + 2*j - 33 = 0. Let w = -21 + f. What is the remainder when 15 is divided by w?
7
Let k = -43 + 118. Let l = -62 + k. What is the remainder when l is divided by 4?
1
Let j = -648 - -725. What is the remainder when j is divided by 13?
12
Let n(y) = y**2 + 34. What is the remainder when n(0) is divided by 23?
11
Suppose -2*b = -6, -6*b + 25 = 5*f - b. Suppose f*n + 0 = 4. Calculate the remainder when 6 is divided by n.
0
Suppose 20*d = 10*d + 190. Calculate the remainder when 35 is divided by d.
16
Let j(b) = -b**2 - 5*b - 3. Let c be j(-6). Calculate the remainder when 2 + (-4)/(12/(-21)) is divided by (c/8*2)/((-21)/56).
3
Let d be ((-18)/(-1))/((-6)/(-15)*1). Let a = 60 - d. Calculate the remainder when 28 is divided by a.
13
Let j = 822 - 796. Calculate the remainder when 172 is divided by j.
16
Let q(c) = -c**3 + c**2 + 4. Let p be q(0). Suppose -n = -3*m - 28, 67 = p*n - m + 4*m. Calculate the remainder when 35 is divided by n.
16
Let k = -225 - -541. Calculate the remainder when k is divided by 64.
60
Let c = 543 - 467. What is the remainder when c is divided by 33?
10
Let m = 5 - 5. Suppose 0*h + h + 2*k - 13 = m, -2*h - 1 = -5*k. Suppose -2*z - 20 = -h*z. What is the remainder when 15 is divided by z?
3
Let v(i) = i**2 + 8*i + 9. Let m(s) = -s**2 + 4*s + 7. Calculate the remainder when v(-8) is divided by m(4).
2
Let v = -53 + 54. What is the remainder when (1 - (-10)/4) + v/2 is divided by 1?
0
Let p be (-435)/70*-2 - (-6)/(-14). Let b = 15 + p. Calculate the remainder when b is divided by 10.
7
Let j(q) = 5*q + 58. Calculate the remainder when j(9) is divided by 6/(((-14)/(-9))/7).
22
Suppose 5*t - 7*t - 76 = 0. Suppose 5*q - 7*q = -2. Calculate the remainder when q/((-116)/t + -3) is divided by 10.
9
Let c = 36 - 16. Let y = 38 - c. What is the remainder when 52 is divided by y?
16
Let s(c) = -3*c**2 - 58*c + 22. Calculate the remainder when 75 is divided by s(-19).
34
Suppose -2502 + 666 = -9*i. What is the remainder when i is divided by 95?
14
Suppose -4*b + 189 = -b. Suppose 3*f + 31 - 64 = 0. Calculate the remainder when b is divided by f.
8
Let b(a) = a**3 + a**2 - 2*a + 3. Let g = -257 + 180. Let n = 109 + g. Calculate the remainder when n is divided by b(2).
10
Let j(r) = 185*r**2 + 3*r + 2. Let d be j(-1). Suppose -9*i + d = -5*i. What is the remainder when i is divided by 13?
7
Let k(h) = h**2 + 15*h + 85. What is the remainder when 57 is divided by k(-7)?
28
Suppose -5*f + 123 = 3*q, q = -2*f + 7*f - 119. Suppose a - f = -2*a. What is the remainder when 14 is divided by a?
6
Let v = -90 - -94. Suppose -112 = -v*u + 4. Calculate the remainder when u is divided by 6.
5
Let z(r) be the third derivative of r**6/120 + r**5/12 - r**4/12 - 2*r**3/3 + 21*r**2. Calculate the remainder when 35 is divided by z(-5).
5
Suppose 4*h = z + 5*h - 31, 3*z + 4*h = 95. Let s = 49 - z. What is the remainder when 79 is divided by s?
19
Let c = -303 - -331. Calculate the remainder when 111 is divided by c.
27
Suppose -2*j = -2*b + 134 + 64, 4*b = 2*j + 394. Suppose -r + 4*h + 49 = 0, 2*r - 3*h + b = 4*r. What is the remainder when r is divided by -1*(-3 - 0) + 10?
10
Suppose 8 = -4*g - 0. Calculate the remainder when 37 is divided by 3*((-56)/6)/g.
9
Let v(i) = -14*i**3 + 14*i**2 + 12*i - 1. What is the remainder when 17 is divided by v(-1)?
2
Let h(a) = 3*a**2 + 2*a. Suppose -6*j = 5*o - 272, -7*o + 5*o = 5*j - 114. What is the remainder when o is divided by h(-2)?
4
Suppose -p + k = -50, 134 = 3*p - 0*p + 5*k. Suppose -3*c = -5*c + p. What is the remainder when 94 is divided by c?
22
Let n = 56 - 52. Calculate the remainder when ((-8)/5)/(n*(-3)/210) is divided by 10.
8
Suppose 0 = -38*x + 40*x - 3*p - 21, -p = 2*x - 9. Suppose 0 = -3*d - 15, 2*d = -5*r - d - 270. Let k = r + 72. What is the remainder when k is divided by x?
3
Let v = -338 + 227. Calculate the remainder when v/(-18) + (-2)/12 is divided by 4.
2
Suppose -3*j - 5*b = 7, -3*j = j + 4*b - 4. Suppose j*x + x - 63 = 0. What is the remainder when 31 is divided by x?
4
Suppose 3*g = 3*b + 147, 4*b - 126 = -2*g - 16. Let q(n) = 8*n + 2. Suppose 0 = -4*u + 8. What is the remainder when g is divided by q(u)?
15
Suppose -15 = 3*m + 3. Let y(q) = q**3 + 5*q**2 - 7*q + 8. Calculate the remainder when 55 is divided by y(m).
13
Let i be -9 - ((-38)/14 + (-14)/49). Calculate the remainder when 3 + (-376)/(-6) + 4/i is divided by 17.
14
Suppose 3*t - 5*u - 77 = -0*u, 46 = 2*t - 2*u. What is the remainder when t is divided by 7?
5
Suppose 15 = 3*v - 2*a - 21, -5*v - 5*a = -35. Calculate the remainder when 25 is divided by v.
5
Let r(h) = -2*h**2 + h + 2. Let b be r(2). Let c(x) = 2*x**2 + 6*x - 4. Let l be c(b). What is the remainder when 27 + -8 + 4 - l is divided by 11?
8
Let a = -26 - -9. Let v = -5 - a. What is the remainder when 35 is divided by v?
11
Suppose 112 + 47 = 3*p. What is the remainder when 105 is divided by p?
52
Let q(n) = -38*n + 6. Suppose -l - 2*d = 11, -l + 0*l = 3*d + 15. Let i be q(l). Suppose i = -y + 6*y. What is the remainder when y is divided by 9?
6
What is the remainder when 13/(-4*(-3)/120) is divided by 11?
9
Suppose 4*y + t + 9 = 2*y, 1 = -y + 3*t. Calculate the remainder when 8/16 - 82/y is divided by 12.
9
Suppose -n - 2*v = n - 22, 4*v - 14 = n. Let o(c) = -c**3 + 8*c**2 - 8*c. Calculate the remainder when 43 is divided by o(n).
19
Let q(u) = 6*u**2 - 64*u - 2. Calculate the remainder when 657 is divided by q(11).
17
Let p = 310 + -300. Let n(w) = -13*w - 3. Calculate the remainder when n(-4) is divided by p.
9
Let h = 24 + -34. Let b = -18 + 36. Calculate the remainder when b is divided by (-54)/h - 10/25.
3
Suppose -15 = s - 6*s. Suppose 2*j = -4*b + 3*j + 27, -b = -j - s. Calculate the remainder when 11 is divided by (b/6)/(7/21).
3
Suppose 247*a - 238*a - 126 = 0. Calculate the remainder when 33 is divided by a.
5
Let v(p) be the first derivative of p**2/2 + 24*p - 2. Let w(i) = -3*i**2 + 94. What is the remainder when w(0) is divided by v(0)?
22
Suppose 8 = 5*q + 3. Suppose 0 = -i - j - q, 3*j - j = -8. Suppose -2*d - 6 = 0, -3*d - 27 = -i*o + 147. Calculate the remainder when o is divided by 19.
17
Let c(k) = -k**3 - 32*k**2 - 30*k + 66. Calculate the remainder when c(-31) is divided by 9.
8
Suppose 118 = 4*n - 4*i - 154, 120 = 2*n + 2*i. What is the remainder when 116 is divided by n?
52
Let r(c) = -c**3 + 4*c. Let v be (-27)/(-12)*(-8)/(-6). Suppose 12 = -4*s + v*d, 0 = 2*d - d. What is the remainder when 29 is divided by r(s)?
14
Let p = 497 + -462. Let n = -8 + 17. Calculate the remainder when p is divided by n.
8
Suppose -32*m + 21*m + 187 = 0. What is the remainder when m is divided by 12?
5
Let i(l) = 4*l - 3. Let b = 55 - 52. Calculate the remainder when 88 is divided by i(b).
7
Let y be (-45)/(-60)*(-8)/(-3). Suppose 0*c + 29 = y*c - 5*d, d + 11 = 3*c. Calculate the remainder when 3 is divided by c.
1
Let k = -138 + 245. What is